 0 = -5*y - a + 48. Let x(g) be the first derivative of g**2 - 10*g - 2. What is x(y)?
6
Let p(k) = 5*k**2 - 3*k + 3. Let s(d) be the first derivative of d**3 - d**2 + 2*d - 3. Let f(a) = -5*p(a) + 8*s(a). Determine f(-3).
-5
Let t(v) = v**2 + 5*v - 2. Suppose 66 = 22*z - 44. Calculate t(z).
48
Let r(z) = -4*z - 8 + 7*z - 3 - 2*z. Give r(-9).
-20
Let v(s) = -56*s**2 + s. Suppose -29*k = -57*k - 28. Calculate v(k).
-57
Let b(a) be the third derivative of -a**6/120 - a**5/12 + a**4/4 - 4*a**3/3 - 5*a**2. Let c be (15 + -18)/((-1)/6). Suppose 2*x + x = -c. Give b(x).
-8
Let t(s) = s + 16. Suppose 3*v - 32 = 5*r - 40, -4*v - 3*r - 30 = 0. Calculate t(v).
10
Let l(j) be the second derivative of j**5/20 + 7*j**4/4 - 4*j**3 - 23*j**2 - 26*j - 9. Give l(-22).
-2
Let c(j) be the third derivative of j**6/120 - j**5/5 - j**4/2 - 5*j**3/2 + 73*j**2. Give c(13).
-2
Let r be (-2)/9 - (-456)/108. Let i(u) = -u**3 + 3*u**2 + 3*u + 8. Give i(r).
4
Let u(i) = -2*i - 11. Let x(a) = -2*a - 12. Let z(c) = -3*u(c) + 2*x(c). Suppose 0 = -q + n + 5, 18 = 5*q - 3*n + 1. Suppose b = -q - 5. What is z(b)?
-3
Let s(h) = -2*h - 14. Suppose 5*l - 3*z - 355 = 0, -3*l = 4*z - 47 - 137. Suppose 8 = -2*c + 3*v, -4*c - l = 3*v - 16. What is s(c)?
6
Let u be (-6)/(-4)*(70 + -78). Let y(q) = -q**2 - 9*q + 11. Determine y(u).
-25
Let f(d) = d**2 + 14*d - 12. Suppose 96 = 29*r + 531. What is f(r)?
3
Let h(a) = 56*a**2 - 9*a - 15. Let r(y) = -57*y**2 + 7*y + 12. Let m(s) = -4*h(s) - 5*r(s). What is m(1)?
62
Let l(i) = -7*i + i - 3*i**2 - 2*i + 2*i**2 + 5. Suppose 0 = -9*s - 53 - 1. What is l(s)?
17
Let d be (11 - -4)*-1*-1. Suppose 5*t + o = -15 - d, -2*t = o + 15. Let p(k) = k**3 + 5*k**2 - k + 6. Give p(t).
11
Let b(x) = x**2 - 3*x. Let w(t) = 4*t**2 - 8*t + 12. Let l(z) = -5*b(z) + w(z). What is l(5)?
22
Let q(h) = -8*h. Let f(n) = -17*n. Let v(p) = -6*f(p) + 13*q(p). Let s = -4 - -2. What is v(s)?
4
Let u(z) = -z**2 + 4*z + 5. Let y(v) = 7*v + 14. Let b be y(-2). Let k be (b - 5)*4/(0 + -4). Calculate u(k).
0
Let q(r) be the first derivative of r**2 + 16*r - 33. What is q(-14)?
-12
Let k(d) be the second derivative of -d**4/12 + d**3/3 + 4*d**2 + 405*d. Determine k(-2).
0
Let i(w) = 2*w**3 + 3*w**2 - 1. Let n be (-6)/3 + 2 + -1. Let y be (-8)/52 + (n - 33/39). Give i(y).
-5
Let j(q) = 2 - 3 + 3*q**2 + 2266391*q**3 - 2266390*q**3. Let t = -2 + -1. Determine j(t).
-1
Let i(b) = -12 + b - 6*b + b**2 + 8*b**2 - 3*b - b**3 + 16. Let f = -5 + 13. Calculate i(f).
4
Let p(u) = u - 3. Let h(k) = 3*k**2 - 5*k + 5. Let z(j) = 3*j**2 - 6*j + 6. Let b(r) = 4*h(r) - 3*z(r). Let q be b(1). Give p(q).
0
Let h(g) be the first derivative of -g**2 + 8*g + 147. Suppose -8 = 2*k - 4*u, 3*k + 5*u = 4*k + 4. Let j be 8/(k/(-2)) - -2. Determine h(j).
-4
Let c(s) = -2*s - s**3 - 13*s**2 - 4*s + 15*s**2 - 10*s**2 + 0*s**3 + 6. Let h = -17 - -10. Calculate c(h).
-1
Let n(l) = l**2 - l + 1. Suppose 2*c + 2*z - 6 = 2, 4*z = -c + 13. Let g(v) = 7*v**2 - 2*v + 7. Let k(s) = c*g(s) - 6*n(s). Let a = 272 - 278. Give k(a).
13
Let p = -1438 - -1441. Let c(s) = s**3 - 5*s**2 + 11. Give c(p).
-7
Let x(z) = 8*z - 3*z**2 - 2 - z**2 + 3*z**2. Let p = 1593 + -1586. Determine x(p).
5
Suppose -5 = -p + 6*p. Let g(j) be the first derivative of -13*j**2/2 - 1. Give g(p).
13
Let b = 21 + -21. Let d(h) = b + 233*h - 236*h - 3. Suppose 0 = -2*a + 4*y - 24, -5*y + 18 = -a - 6. Determine d(a).
9
Let n(p) = p**3 - 7*p**2 + 4*p + 8. Let w(o) = 5*o - 11. Let b be w(-6). Let r = b + 47. Determine n(r).
-4
Let o(f) = 13 + 18 - 39 + 3*f + f**2. Calculate o(-6).
10
Let v(a) = -4*a**2 + 8*a - 4. Let f(d) = 5*d**2 - 8*d + 5. Let i(x) = 3*f(x) + 4*v(x). Give i(9).
-10
Let l = 683 - 700. Let u(a) = -a + 6. Give u(l).
23
Let f(s) = -44*s + 8*s + 18*s + 14*s**2 + 19*s - 2 - s**3. What is f(14)?
12
Let n(d) be the first derivative of d**3/6 + 7*d**2/2 - 41*d + 34. Let a(j) be the first derivative of n(j). Calculate a(0).
7
Let c(m) = -3*m**2 + 1 - 2*m - 2*m**2 + 3*m**2. Suppose 0*n - 5*l = 3*n - 9, -2*n - 2*l + 2 = 0. Let y = n - 0. Give c(y).
-3
Let i(r) = -r**2 + 2. Let d be 58*(-1)/3*3. Let v = d + 60. Determine i(v).
-2
Let u(j) = -j**3 + 2*j**2 + 8*j + 12. Let s(p) = p**2 + 5*p + 15 - 4 - p**3 + 3*p. Let h(q) = 6*s(q) - 5*u(q). Determine h(-5).
-9
Let v(b) be the second derivative of -b**3/6 + 9*b**2/2 + 108*b. Determine v(8).
1
Let u(m) = -m**2 - 5*m + 6. Let i = 17 + -18. Let q be -2 - (8 - (4 + i)). What is u(q)?
-8
Let x(t) = -t**3 - 2*t**2 + 5*t + 2. Let q = 8 + -8. Suppose -v - 3*n + n + 10 = q, n = 2*v + 5. Let z be -1*((1 - -2) + v). What is x(z)?
-4
Let x(q) = q**2 - 8*q - 7. Let j be -2 + (5 - 2 - (-70)/14). Give x(j).
-19
Let y(z) = 17*z**2 - z - 2. Let g(a) = -4*a**2 + 7*a + 1. Let m be g(2). What is y(m)?
16
Let c(x) = -x**2 + 4*x - 1. Let p(m) = m - 10. Let h be p(-7). Let t = h - -17. Let y = t + 4. What is c(y)?
-1
Let t(r) = 55*r + 20. Let g(k) = -6*k - 2. Let o(l) = 18*g(l) + 2*t(l). Suppose 5 = 3*b - 1. Suppose p - 3*m + b = 5, -m = 2*p + 15. Give o(p).
-8
Let d be 1 + 1 - (-6 - -2). Let p be (136/(-12))/((-2)/6). Suppose k - 1 = v - d, 5*v + 4*k = p. Let h(c) = 2*c - 4. What is h(v)?
8
Let t(c) be the third derivative of -c**4/24 - c**3/3 + 3*c**2. Suppose 5*n - 19 = 3*w + 6, 0 = -2*w - 5*n. Give t(w).
3
Let g(f) be the first derivative of f**3/3 - f**2/2 + 3*f + 6. Let z be g(3). Suppose 2*v + 0 - z = -3*h, -4*v = 4*h - 12. Let c(x) = 3*x + 1. What is c(h)?
10
Let t(n) be the third derivative of -n**7/2520 + n**6/120 + 3*n**5/40 - n**4/6 - 13*n**2. Let s(u) be the second derivative of t(u). Determine s(8).
-7
Let j(o) = -o + 7. Let w be j(7). Let c be 40 - 43 - (w/1 - 3). Let s(n) = n - 2. What is s(c)?
-2
Let j(l) = l**2 + 7*l + 13. Let k be j(-7). Suppose -7 - k = 5*r. Let g be (-5)/(-2*(-2)/r). Let q(z) = z**3 - 4*z**2 - 4*z + 1. Determine q(g).
6
Let h(s) = -s + 8 - 21 + 17. Let k be h(2). Let r(a) = 2*a**2 - 2*a - 1. What is r(k)?
3
Let d(h) = -h - 9. Let v be d(-11). Suppose 5*n - 3 = -r + 2, -r - 2 = -v*n. Let b(u) = 3*u**2 + r*u**3 + u**3 + 4*u - 9*u. Determine b(-4).
4
Let n(h) = -h + 7. Let a = -86 + 129. Let l = 48 - a. Determine n(l).
2
Suppose 59 = 2*q - 5*s, -5*s = -2*q - s + 64. Let h = 39 - q. Let r(c) = c**3 + 4*c**2 - c - 2. Give r(h).
10
Let y = 69 + -73. Suppose -5*o + 12 = -3*q, -5*o + 3*q + 11 = -q. Let c(p) = -2*p + 0*p**2 + o*p**2 + 4 + p**3 - 2. What is c(y)?
-6
Suppose p - 18 = 3*p + 2*l, 5*p + 4*l + 41 = 0. Let v(m) be the first derivative of -m**3/3 - 3*m**2 - 6*m + 431. Calculate v(p).
-1
Let u(i) = 1. Let l(p) be the first derivative of 11 + 3*p - 2*p**3 + 1/2*p**2. Let j(x) = -l(x) + 3*u(x). Give j(-1).
7
Let i(n) = 3*n**2 + 3*n + 1. Suppose -3 = -4*t + t. Let b be (t - -17) + 51/17. Let g = b + -23. Calculate i(g).
7
Let v = -1 + 2. Let a(q) be the second derivative of q**4/4 - q**3/3 + q**2/2 + 531*q. Give a(v).
2
Let q(r) = -r**2 + 10*r - 8. Let i = -330 - -338. Determine q(i).
8
Let i(h) = -h + 0*h**2 + 126 - 121 + h**2. Determine i(0).
5
Let f = -136 + 139. Let x(y) = y**2 + y - 2. What is x(f)?
10
Let a(u) be the first derivative of 4*u**2 + u + 8. Let i(n) = -7*n - 27. Let f(r) = 3*r + 13. Let b(o) = -9*f(o) - 4*i(o). Let q be b(8). Give a(q).
-7
Let l(g) = g**3 - 2*g**2 + 8*g - 8. Suppose 0 = 547*f - 535*f - 48. What is l(f)?
56
Let a(r) be the third derivative of r**4/24 - 2*r**3/3 + 2*r**2. Suppose 5*g + 2 = -5*s + 52, -s - 4*g = -25. Give a(s).
1
Let m(f) = f**3 - 2*f. Let s(q) = 5*q**3 - 6*q + 1. Let h(j) = -2*m(j) + s(j). Determine h(1).
2
Let x be (-972)/(-12) + (1 + -2 - 0). Let i(a) = 37*a - x*a + 5 + 38*a. Let w(d) = d**3 + 3*d**2 - 4*d + 4. Let j be w(-4). Calculate i(j).
-15
Let t(g) = 32 - 9*g - 18 - 13. Let h(p) = -8*p + 2. Let i(n) = 5*h(n) - 4*t(n). Determine i(4).
-10
Suppose -18*c + 5*x = -20*c + 15, -3*x + 3 = 0. Let q(n) = n**2 - 5*n - 7. What is q(c)?
-7
Let g(l) = -2*l - 2*l - 1 + 0 + 15. Let d be g(3). Let w(j) = j**3 - 2*j**2 + 2*j. Give w(d).
4
Let q(c) = -c**2 - 2*c + 1. Let f be q(-3). Let m(r) = -3*r + r**2 - 1 - r**2 + 381*r**3 - 383*r**3. Calculate m(f).
21
Let a(v) = -2*v**3 + v**3 + 3 - 54*v - 5*v**2 + 60*v. Let d be (4/(-10))/((-3)/(-45)). Give a(d).
3
Let i be (4/(-4))/(1/(-5)). Let u(o) = -5 + 0*o + o - o**2 - i*o**3 + 6*o**3. Calculate u(